e highest common divisor of 10 and 295?
5
Calculate the highest common factor of 3013 and 23.
23
Calculate the highest common divisor of 1479 and 174.
87
Calculate the highest common factor of 432 and 112.
16
What is the highest common divisor of 68 and 5882?
34
What is the highest common divisor of 13 and 2?
1
Calculate the highest common divisor of 10062 and 9.
9
What is the greatest common factor of 9 and 531?
9
Calculate the greatest common factor of 126315 and 63.
63
What is the highest common divisor of 160 and 115?
5
What is the highest common factor of 280 and 3010?
70
Calculate the greatest common divisor of 168 and 6.
6
What is the highest common divisor of 63 and 1233?
9
Calculate the greatest common divisor of 984 and 144.
24
Calculate the greatest common factor of 80 and 752.
16
Calculate the highest common factor of 336 and 228.
12
Calculate the greatest common factor of 74 and 41218.
74
Calculate the highest common factor of 561 and 33.
33
Calculate the highest common factor of 504 and 84.
84
What is the greatest common divisor of 11 and 1?
1
What is the greatest common divisor of 161 and 14?
7
Calculate the greatest common factor of 4771 and 26.
13
What is the highest common divisor of 27 and 3375?
27
What is the greatest common divisor of 2286 and 12?
6
Calculate the highest common factor of 2390 and 10.
10
Calculate the greatest common factor of 1011 and 6.
3
Calculate the greatest common divisor of 72 and 60.
12
Calculate the greatest common divisor of 225 and 600.
75
What is the highest common divisor of 128 and 192?
64
What is the greatest common factor of 376 and 4042?
94
What is the greatest common factor of 4 and 28?
4
Calculate the greatest common divisor of 118 and 10.
2
What is the greatest common divisor of 3528 and 7?
7
Calculate the highest common divisor of 774 and 1462.
86
What is the highest common factor of 154 and 22?
22
What is the highest common divisor of 17714 and 68?
34
What is the highest common factor of 224 and 280?
56
Calculate the highest common divisor of 261 and 957.
87
Calculate the highest common factor of 29 and 232.
29
Calculate the greatest common factor of 545 and 218.
109
What is the greatest common divisor of 78 and 19578?
78
What is the highest common factor of 116 and 8?
4
Calculate the greatest common factor of 670 and 410.
10
Calculate the highest common factor of 196 and 28.
28
What is the greatest common factor of 40 and 904?
8
Calculate the highest common divisor of 25 and 10.
5
What is the highest common factor of 4802 and 14?
14
Calculate the greatest common divisor of 6 and 310.
2
What is the highest common divisor of 775 and 425?
25
Calculate the highest common divisor of 144 and 72.
72
What is the greatest common factor of 589 and 19?
19
What is the greatest common factor of 267 and 81168?
267
Calculate the greatest common factor of 810 and 10.
10
What is the highest common factor of 104 and 182?
26
Calculate the highest common divisor of 535 and 8453.
107
What is the greatest common divisor of 2821 and 273?
91
Calculate the greatest common divisor of 707 and 606.
101
What is the greatest common factor of 1116 and 4526?
62
What is the greatest common divisor of 148 and 37?
37
What is the highest common divisor of 3750 and 1200?
150
Calculate the highest common factor of 10340 and 660.
220
What is the greatest common divisor of 38 and 15352?
38
Calculate the highest common divisor of 4965 and 30.
15
What is the greatest common divisor of 289 and 187?
17
What is the highest common divisor of 2449 and 62?
31
What is the greatest common factor of 36 and 28?
4
What is the greatest common divisor of 1333 and 129?
43
What is the greatest common factor of 99 and 45?
9
Calculate the greatest common factor of 493 and 29.
29
What is the highest common factor of 3 and 6?
3
Calculate the highest common divisor of 43 and 1161.
43
Calculate the highest common factor of 91 and 763.
7
What is the highest common factor of 33 and 132?
33
What is the highest common divisor of 5 and 28?
1
Calculate the greatest common divisor of 1605 and 135.
15
Calculate the highest common divisor of 5 and 113.
1
What is the highest common divisor of 3672 and 272?
136
What is the greatest common factor of 25386 and 6?
6
Calculate the greatest common divisor of 218 and 2.
2
What is the greatest common factor of 33 and 429?
33
Calculate the greatest common divisor of 41044 and 124.
124
What is the highest common factor of 33 and 759?
33
What is the greatest common factor of 80 and 2160?
80
What is the greatest common divisor of 247 and 1178?
19
What is the greatest common divisor of 110 and 22?
22
Calculate the highest common divisor of 9 and 210.
3
What is the highest common divisor of 364 and 988?
52
Calculate the highest common divisor of 40 and 36.
4
Calculate the highest common divisor of 296 and 3404.
148
What is the highest common divisor of 7525 and 35?
35
What is the greatest common divisor of 138 and 30?
6
What is the highest common factor of 4950 and 6?
6
Calculate the highest common divisor of 252 and 54.
18
What is the greatest common divisor of 43849 and 13?
13
What is the greatest common factor of 961 and 93?
31
Calculate the greatest common factor of 9 and 279.
9
Calculate the highest common factor of 95 and 70.
5
Calculate the greatest common divisor of 64 and 180.
4
What is the highest common divisor of 23 and 87239?
23
Calculate the highest common factor of 496 and 64.
16
What is the highest common divisor of 42 and 54?
6
Calculate the greatest common divisor of 36 and 99.
9
What is the highest common factor of 679 and 97?
97
Calculate the greatest common divisor of 32 and 3600.
16
What is the greatest common factor of 332 and 3071?
83
Calculate the greatest common divisor of 41 and 328.
41
Calculate the greatest common divisor of 2952 and 1152.
72
What is the greatest common factor of 1932 and 126?
42
Calculate the highest common factor of 1333 and 31.
31
Calculate the greatest common factor of 413 and 35.
7
What is the highest common factor of 72 and 48?
24
What is the highest common divisor of 324 and 24?
12
Calculate the highest common divisor of 649 and 11.
11
Calculate the highest common factor of 8985 and 60.
15
What is the greatest common divisor of 856 and 88?
8
What is the greatest common divisor of 24 and 456?
24
What is the highest common factor of 195 and 15?
15
Calculate the greatest common factor of 40136 and 173.
173
What is the greatest common divisor of 65 and 7280?
65
What is the highest common divisor of 873 and 9?
9
What is the highest common divisor of 26 and 3835?
13
Calculate the greatest common divisor of 645 and 45.
15
What is the highest common divisor of 53 and 85807?
53
Calculate the highest common factor of 497 and 7.
7
What is the highest common factor of 580 and 40?
20
What is the highest common factor of 13 and 949?
13
What is the highest common divisor of 3840 and 30?
30
What is the greatest common factor of 2512 and 128?
16
Calculate the highest common divisor of 1225 and 25.
25
What is the greatest common factor of 48 and 46?
2
Calculate the highest common divisor of 150 and 8150.
50
Calculate the highest common factor of 150 and 930.
30
What is the highest common factor of 1955 and 3145?
85
What is the greatest common divisor of 1884 and 6?
6
Calculate the greatest common divisor of 279 and 72.
9
What is the greatest common factor of 10 and 130?
10
What is the greatest common factor of 51 and 1598?
17
Calculate the greatest common factor of 258 and 8686.
86
Calculate the greatest common divisor of 529 and 23.
23
What is the greatest common factor of 14 and 14?
14
What is the highest common divisor of 378 and 168?
42
What is the highest common factor of 40 and 8560?
40
What is the highest common divisor of 848 and 32?
16
What is the greatest common factor of 12 and 132?
12
What is the highest common factor of 12 and 27144?
12
What is the highest common factor of 12 and 2841?
3
Calculate the greatest common divisor of 11 and 233.
1
Calculate the greatest common divisor of 7 and 413.
7
What is the greatest common divisor of 38 and 722?
38
Calculate the highest common divisor of 15420 and 12.
12
Calculate the greatest common divisor of 76 and 1919.
19
Calculat